ded by 3?
1
Let p be ((-8)/10)/((-6)/30). Suppose -p = -h - 2. Suppose -3*k - 2*i = -17, -2*k + h = i - 2*i. What is the remainder when 11 is divided by k?
2
Suppose -5*b = -8 - 7. Let a be 7 - b*2/(-3). Let q = 32 - a. Calculate the remainder when 45 is divided by q.
22
Suppose -4*z - 215 + 507 = 0. Calculate the remainder when z is divided by 15.
13
Let f(c) = -21*c + 1. Let p be f(-1). Let l = -10 + p. Calculate the remainder when 1/5 - (-2061)/45 is divided by l.
10
Suppose -3*m - 3*k + 339 = 0, 520 = 3*m + 2*m - 4*k. Calculate the remainder when m is divided by 22.
20
Let k be 2 + -1 - (-1 - 1). Suppose 5*f = 5*m + 45 + 5, -k*f = 3*m - 30. Let d(i) = -i**3 + 5*i**2 + 6*i - 1. Calculate the remainder when d(5) is divided by f.
9
Let i(c) be the third derivative of -c**5/60 + c**4/3 + 2*c**3 + c**2. Let f(v) = v**2 + 6*v + 7. Calculate the remainder when f(-6) is divided by i(9).
1
Suppose -2*p - 3*p + 175 = 0. Calculate the remainder when p is divided by 9.
8
Calculate the remainder when (1 + 5 - 4) + 28 is divided by 11.
8
Suppose -2*k + 12 = -0*k. Calculate the remainder when 17 is divided by k - (0/(-2) - 0).
5
Suppose 6*m + 10 - 40 = 0. What is the remainder when 8 is divided by m?
3
Suppose 261 = -0*x + 3*x. Let q = 190 - 172. What is the remainder when x is divided by q?
15
Let f be 1*(0/3)/2. Suppose 0*b - 2*b + 40 = f. What is the remainder when b is divided by (2/(-4))/(6/(-84))?
6
Let x = 43 - 25. Suppose -41 = -5*v + 79. Let m = 29 - v. Calculate the remainder when x is divided by m.
3
Let i(n) = -n - 14. Let t be i(0). Calculate the remainder when 13 is divided by 14/4 + 7/t.
1
Let i be ((-8)/(-10))/((-1)/5). Let l(g) = -g**2 - 7*g - 5. Let k be l(-4). Let h = i + k. Calculate the remainder when 8 is divided by h.
2
Suppose 2 = -c + 3. Let x be 33/(-22)*(-22)/3. Let f = x - 8. Calculate the remainder when f is divided by c.
0
Let h(o) = 6*o + 3. Let s be (0 - 1) + 0 + -1. What is the remainder when h(3) is divided by (9/s)/(12/(-32))?
9
Suppose -q = -5*t - 10, -4*q = -6*q - 2*t + 56. Calculate the remainder when q is divided by 8.
1
Suppose 0 = -3*j + 14 - 5. Suppose h - 17 = -2*o, 13 = j*o - 2*o - h. Calculate the remainder when o is divided by 6.
4
Let h be (-1)/3 - (-7)/21. Suppose 2*g = 4*f - 164, h = 2*f - 0*g - 2*g - 86. Calculate the remainder when f is divided by 10.
9
Suppose -218 = 4*h + 90. Let a = -21 + 32. What is the remainder when a is divided by (-572)/h + (-6)/14?
4
Suppose -o + 14 = 1. What is the remainder when 36 is divided by o?
10
Suppose 2*b + v = 33, 4*v + 86 = 4*b - 10. Let y(x) = 5 - 7*x + 10*x - 16. Calculate the remainder when b is divided by y(6).
5
Suppose 3*f = -2*f + 90. What is the remainder when 29 is divided by f?
11
Suppose -38 = -2*s + 3*d, 49 = s + 4*d + 19. Calculate the remainder when 40 is divided by s.
18
Let p(k) = -k**3 + 7*k**2 - 3*k - 5. Let t be p(5). Let m = -10 + t. What is the remainder when 79 is divided by m?
19
Let y(k) = 9*k**2 - 1. Let f(u) = -u - 3. Let h be f(-4). Suppose -n - n = -10. Calculate the remainder when y(h) is divided by n.
3
Let z(r) = -7 - 1 - 2*r + 5. Calculate the remainder when 25 is divided by z(-5).
4
Suppose -31 = -13*u + 12*u. Calculate the remainder when u is divided by 10.
1
Suppose -5*g - 4 = -3*g, 4*o - 14 = -5*g. What is the remainder when o is divided by 2?
0
Calculate the remainder when ((-10)/(-10))/(3/111) is divided by 19.
18
Suppose -66*n = -65*n - 48. Calculate the remainder when 95 is divided by n.
47
What is the remainder when 874/6 - (-12)/(-18) is divided by 37?
34
Let z be -1 - 1 - (0 - 3). Let f = 76 + -42. What is the remainder when f is divided by z*12 - (1 + -1)?
10
Let f(b) = 13*b**2 + 2*b - 2. Calculate the remainder when 38 is divided by f(1).
12
Let c = 76 + -72. What is the remainder when 73 is divided by c?
1
Let y = 8 - 12. Let i(u) = -37*u + 2. Let o be i(y). Suppose 3*b + 2*b - o = 0. What is the remainder when b is divided by 16?
14
Let g = 54 + 50. Suppose 14 - g = -5*k. What is the remainder when 71 is divided by k?
17
Let l(f) = 2*f. Calculate the remainder when 5 is divided by l(2).
1
Suppose 0 = 4*w - 38 - 10. Calculate the remainder when w is divided by 8.
4
Let x = 8 - 3. Let r be (-17)/(1*(2 - 1)). Let j = 30 + r. What is the remainder when j is divided by x?
3
Let x = -10 + 6. Let k = 1 + x. Let u(z) = -z**2 - 3*z + 3. Calculate the remainder when 4 is divided by u(k).
1
Let s = 2 + 2. Let c(g) = g**3 + 10*g**2 + 9*g + 7. What is the remainder when c(-9) is divided by s?
3
Let y = 11 + 12. Calculate the remainder when 44 is divided by y.
21
Let g = 1 - 5. Let z(s) = -5*s - 1. What is the remainder when 56 is divided by z(g)?
18
Let s(m) = m**3 - m**2 + 5*m + 5. Calculate the remainder when s(6) is divided by 24.
23
Let x(m) = -33*m + 2. What is the remainder when x(-1) is divided by 12?
11
Suppose 4*r + r = 0. Suppose 3*f + r = 9. Suppose 10 = 5*q + 5*t, q + 3*t = -q - 1. What is the remainder when q is divided by f?
1
Suppose 2*c = 4*h + 4*c - 62, -71 = -5*h + 4*c. What is the remainder when 29 is divided by h?
14
Let w be (2/(-4))/(3/(-510)). Let s = w - 34. Suppose s = 4*h - 49. What is the remainder when h is divided by 9?
7
Let p = 159 - 90. Calculate the remainder when p is divided by 18.
15
Suppose 4*r - 15 = -s + 23, 5*s + 3*r - 105 = 0. Suppose -s = -u - 0*u. Suppose 0 = 2*t - 20. What is the remainder when u is divided by t?
8
Let v(p) = -p**2 - 9*p + 6. Let d = -5 - -7. Suppose d*r + 0*r - 16 = 5*k, 0 = -4*r - k + 32. What is the remainder when v(-8) is divided by r?
6
Suppose 2*r + 4 = 0, -5*u - 18 + 7 = 3*r. What is the remainder when 15 is divided by 11 + -1 + 0 + u?
6
Let y(m) = -1 + 3 - 4*m - 5. What is the remainder when 15 is divided by y(-3)?
6
Let w be (5 + -3)*5/2. Suppose -w*o + 126 + 64 = 0. Suppose 2*j + 0*h = -2*h + o, -2*j + 29 = -h. What is the remainder when 46 is divided by j?
14
Let f = -183 + 264. Calculate the remainder when f is divided by 28.
25
Let f(k) = 91*k**3 + 2*k**2 + 2*k - 2. Let j(d) = -46*d**3 - d**2 - d + 1. Let i(z) = 6*f(z) + 11*j(z). Calculate the remainder when i(1) is divided by 14.
13
Let i = -3 - -7. Suppose 5*l = i*a - 83, -l + 2*l = -3*a + 86. What is the remainder when a is divided by (-1 + (-1)/(-2))*-28?
13
Let b = 6 + -4. What is the remainder when 15 is divided by (3/b)/((-3)/(-16))?
7
Let v(g) = -g**3 - 5*g**2 + g + 3. Let b be (-54)/12 + 1/(-2). Let o be v(b). What is the remainder when 1/(2/(-28)*o) is divided by 4?
3
Let n be (87/9)/(1/21). Suppose -5*g + x + n = 0, -5*x - 8 - 7 = 0. Calculate the remainder when g is divided by (-11)/(22/(-48)) + -3.
19
Suppose 528 = -7*x + 19*x. Let f be 2/3 + 19/3. Suppose f*n - 75 = 2*n. Calculate the remainder when x is divided by n.
14
Let q(u) = 2*u**2 - 11*u + 8. Let a be 4/12 - 40/(-6). Calculate the remainder when q(a) is divided by 15.
14
Let r(y) = -3*y + 5. Calculate the remainder when 14 is divided by r(0).
4
Suppose -2*i + 35 = -37. What is the remainder when i is divided by 13?
10
Suppose -2*j + 3*a + 36 - 2 = 0, -3*j - 5*a + 13 = 0. Calculate the remainder when j is divided by 6.
5
Let o = 5 + 12. Let n = -13 - -19. Let t(v) = v**2 - 4*v - 6. Calculate the remainder when o is divided by t(n).
5
Let u be ((-1 - -1) + -1)*19. Let j = -85 + 126. Let r = u + j. What is the remainder when r is divided by 8?
6
Let o(k) = -k**3 - 11*k**2 + 6*k - 9. Calculate the remainder when o(-12) is divided by 22.
19
Let s = 7 + -5. Let d = s + 2. Suppose d*x = n + 89, 8*n - 61 = -2*x + 3*n. What is the remainder when x is divided by 12?
11
Let m(d) = -d**3 + 12*d**2 + 13*d + 32. What is the remainder when m(13) is divided by 11?
10
Suppose 88 = 3*j - 5*s, -4*s + 112 - 16 = 4*j. Calculate the remainder when j is divided by 9.
8
Let p = 73 + -15. What is the remainder when p is divided by 20?
18
Let x(i) = 5*i**3 - 4*i**2 - 2*i + 1. Let s(u) = -9*u**3 + 7*u**2 + 3*u - 2. Let k(g) = -3*s(g) - 5*x(g). Calculate the remainder when 27 is divided by k(2).
12
Calculate the remainder when 33 is divided by 48/6*3/2.
9
Let i = 15 - 10. Suppose 2*k + 2*c = -0*c + 22, 5*k - 43 = c. Calculate the remainder when k is divided by i.
4
Suppose 0 = 6*t - 5*t - 3. Suppose -2*i + 5*g + 79 + 82 = 0, -3*i = t*g - 231. What is the remaind